3
Let k(o) = -o**3 + 6*o + 1. What is k(-4)?
41
Let i(t) = 2*t**2 - 5*t + 15. Give i(2).
13
Let t(h) = 3*h**2 - 33*h + 79. Calculate t(8).
7
Let t(v) = -4*v - 7. Determine t(-3).
5
Let n(t) = -25*t**2 - 22*t - 2. What is n(-2)?
-58
Let l(c) = -c**3 - 16*c**2 - 4*c - 5. What is l(-15)?
-170
Let t(y) = -3*y + 2. Determine t(2).
-4
Let p(s) = -10*s + 39. What is p(17)?
-131
Let u(x) = -2*x**3 - 4*x**2 + 6*x + 13. Give u(-3).
13
Let l(a) = a**3 + 9*a**2 + 15*a - 6. What is l(-7)?
-13
Let g(h) = 18*h**2 - 123*h - 4. Calculate g(7).
17
Let h(d) = -d - 7. What is h(-15)?
8
Let l(p) = p**2 - 4*p + 5. Determine l(4).
5
Let h(b) = -13*b - 14. Calculate h(-2).
12
Let m(y) = 6*y**2 - y - 1. Determine m(-2).
25
Let w(g) = g**3 + 29*g**2 + 53*g - 27. What is w(-27)?
0
Let j(s) = s**3 + 36*s**2 - 37*s - 13. Determine j(-37).
-13
Let u(i) = i**2 + 21*i - 17. Give u(-21).
-17
Let y(g) = -g**3 + 10*g**2 + 4. Determine y(10).
4
Let f(m) = -m**3 + m + 15. Calculate f(0).
15
Let r(q) = 2*q**3 + 25*q**2 - 15*q - 3. Give r(-13).
23
Let q(j) = j**2 + 44*j + 163. Give q(-40).
3
Let n(p) = p**2 - 2*p - 39. Calculate n(-5).
-4
Let y(p) = p**2 - 66. What is y(8)?
-2
Let v(t) = -12*t + 60. Determine v(7).
-24
Let v(w) = -2*w**2 + w + 3. Calculate v(-4).
-33
Let c(o) = 30*o - 1. What is c(-1)?
-31
Let t(o) = 4*o - 40. Give t(11).
4
Let w(g) = g**2 + 42*g + 133. Give w(-39).
16
Let t(n) = 95*n + 184. Determine t(-2).
-6
Let f(x) = -2*x**3 + 4*x**2 + 5*x + 5. Calculate f(-2).
27
Let s(p) = p - 1. Determine s(14).
13
Let y(q) = q**3 + 9*q**2 - 2*q - 19. Calculate y(-9).
-1
Let d(x) = x**2 - 2*x - 4. Calculate d(-3).
11
Let h(l) = 2*l**2 - 5*l - 3. Determine h(3).
0
Let v(d) = d**2 + 4*d - 91. Calculate v(-12).
5
Let x(o) = 2*o**3 - 19*o**2 - 34*o + 11. Calculate x(11).
0
Let d(j) = 2*j**3 - 11*j**2 - 3*j - 11. Give d(6).
7
Let y(i) = 2*i**3 + 14*i**2 + 14*i + 1. What is y(-1)?
-1
Let f(x) = x + 62. Determine f(0).
62
Let y(n) = 13*n + 5. Calculate y(7).
96
Let v(b) = b**3 + 8*b**2 - 12*b - 21. What is v(-9)?
6
Let v(f) = -f**2 - 13*f - 9. Determine v(-9).
27
Let f(w) = w**2 + 13*w + 21. Determine f(-11).
-1
Let u(c) = -c**3 + 3*c**2 - 7*c + 10. Give u(3).
-11
Let t(y) = 4*y**3 - 3*y**2 + 3*y - 2. Give t(1).
2
Let i(x) = x**2 + 2*x + 6. What is i(-4)?
14
Let r(g) = g**3 + 12*g**2 - 27*g. Give r(-14).
-14
Let c(n) = n**3 + 7*n**2 - 7*n - 2. Give c(-8).
-10
Let k(r) = -5*r - 31. Calculate k(-5).
-6
Let y(t) = t**3 + 13*t**2 + 11*t + 9. Give y(-12).
21
Let g(o) = -o**3 + 12*o**2 + 2*o + 15. What is g(13)?
-128
Let s(c) = -c**2 + 10*c - 4. Determine s(10).
-4
Let i(k) = 2*k**3 + 4*k - 4. Give i(2).
20
Let f(l) = -14*l - 45. What is f(-3)?
-3
Let i(s) = s**3 - 15*s**2 + 16*s + 17. What is i(14)?
45
Let o(p) = 2*p - 87. Give o(47).
7
Let p(v) = v**2 - 30*v + 71. Determine p(27).
-10
Let i(r) = -4*r + 30. Give i(8).
-2
Let a(u) = 2*u**3 + 19*u**2 - 60*u + 6. Calculate a(-12).
6
Let n(r) = r**2 + 11*r - 20. Determine n(-13).
6
Let q(a) = -2*a**2 + a - 27. Determine q(0).
-27
Let o(y) = 3*y + 44. Calculate o(-21).
-19
Let m(q) = -q**3 + 12*q**2 + 13*q + 10. Give m(13).
10
Let n(r) = -5*r**3 + 2*r**2 + 2*r. Calculate n(-1).
5
Let x(c) = 2*c - 45. Give x(23).
1
Let m(n) = n**3 + 8*n**2 + 6*n - 4. Calculate m(-7).
3
Let x(w) = 3*w - 10. What is x(6)?
8
Let l(t) = -t - 36. Determine l(15).
-51
Let i(o) = -o + 8. Give i(2).
6
Let b(v) = v**2 + 6*v + 6. Give b(-5).
1
Let c(y) = -4*y + 74. Determine c(22).
-14
Let h(k) = -k**2 + 8*k + 1. Give h(11).
-32
Let k(q) = 61*q + 609. Calculate k(-10).
-1
Let z(r) = -r**3 + 3*r**2 - 1. What is z(2)?
3
Let y(q) = -q**3 + 11*q**2 - 5*q + 14. Give y(11).
-41
Let a(g) = g**3 - 7*g**2 + 6*g - 6. What is a(7)?
36
Let j(q) = 3*q**2 + 53*q - 13. Calculate j(-18).
5
Let x(k) = -5*k + 4. What is x(-3)?
19
Let k(i) = -i**3 + 23*i**2 - 21*i - 6. Determine k(22).
16
Let c(f) = -f**2 + 6*f - 10. Determine c(7).
-17
Let l(a) = 7*a - 164. Give l(26).
18
Let g(q) = q**2 - 124*q - 507. Determine g(-4).
5
Let w(t) = -31*t - 1420. Determine w(-46).
6
Let t(q) = -3*q + 1. What is t(6)?
-17
Let o(f) = -2*f**2 - 2*f + 1. What is o(2)?
-11
Let a(y) = y - 1. Determine a(12).
11
Let f(t) = -2*t + 4. What is f(5)?
-6
Let t(z) = 8*z - 15. What is t(3)?
9
Let a(j) = -41*j + 708. Give a(17).
11
Let i(m) = -2*m**3 - 65*m**2 - 31*m + 39. Determine i(-32).
7
Let v(l) = 4*l - 114. Calculate v(27).
-6
Let i(f) = -3*f**2 + 48*f + 8. Give i(16).
8
Let s(p) = p**3 + 19*p**2 + 32*p - 24. Determine s(-17).
10
Let u(x) = -5*x**3 - 15*x**2 - 6*x - 7. What is u(-3)?
11
Let n(m) = m**2 - 10*m - 3. Give n(-4).
53
Let o(s) = 2*s - 23. Give o(14).
5
Let g(f) = -f + 22. Give g(15).
7
Let i(p) = -3*p**2 + 4*p + 2. Determine i(3).
-13
Let b(f) = f + 29. Determine b(-22).
7
Let k(u) = 4*u + 15. Calculate k(-5).
-5
Let t(j) = j**3 - 6*j**2 - 4*j + 3. Give t(6).
-21
Let c(x) = x**3 - 2*x**2 + 2*x + 3. Determine c(-4).
-101
Let m(w) = -w**2 - 31*w - 165. Give m(-12).
63
Let r(i) = -i**2 - 14*i + 20. Determine r(-15).
5
Let u(r) = 14*r + 219. Give u(-16).
-5
Let p(i) = i**3 + 14*i**2 + 5*i + 15. Determine p(-14).
-55
Let k(l) = -l**2 + 4*l + 3. Determine k(3).
6
Let c(f) = -4*f**3 - 3*f**2 + 3*f - 1. Determine c(1).
-5
Let p(z) = -2*z**2 + 15*z + 3. What is p(8)?
-5
Let r(g) = -g**2 - 5*g + 1. Give r(-6).
-5
Let u(c) = -2*c + 6. Give u(-5).
16
Let t(g) = g**2 + 12*g + 13. Give t(-10).
-7
Let z(q) = q**3 + 25*q**2 - q - 10. Give z(-25).
15
Let a(t) = t**3 - 4*t**2 + 4*t + 6. Calculate a(5).
51
Let h(i) = -i**3 - 33*i**2 - 62*i - 15. Give h(-31).
-15
Let q(m) = 2*m + 11. What is q(-8)?
-5
Let f(v) = -5*v**2 - 34*v + 1. Determine f(-7).
-6
Let r(k) = -2*k**2 - 51*k + 55. Determine r(-27).
-26
Let d(g) = -3*g**2 - 9*g + 22. Calculate d(2).
-8
Let a(b) = b**2 - 12*b + 1. Determine a(5).
-34
Let o(w) = -2*w**3 + 2*w**2 + 2*w. What is o(2)?
-4
Let d(c) = -c**3 + 30*c**2 + 29*c + 69. What is d(31)?
7
Let y(u) = u**2 + 7*u + 3. Give y(-5).
-7
Let q(f) = -2*f**3 + 5*f**2 - 3*f + 4. Give q(3).
-14
Let s(u) = -u - 8. What is s(5)?
-13
Let y(t) = t**3 + 4*t**2 - 4*t - 18. What is y(-3)?
3
Let z(c) = -c - 7. Give z(5).
-12
Let v(i) = 2*i**2 - 10*i - 28. Determine v(-2).
0
Let v(f) = 6*f**2 - 4*f - 6. Calculate v(-3).
60
Let c(b) = 2*b**2 - 14*b - 64. What is c(10)?
-4
Let y(x) = -8*x**3 - 2*x**2 + 2. Give y(-1).
8
Let c(m) = -11*m - 18. What is c(-2)?
4
Let x(j) = -j**2 + 2. What is x(-5)?
-23
Let p(d) = -d**2 - 11*d - 7. What is p(-9)?
11
Let k(n) = n**2 - 12*n + 8. Determine k(3).
-19
Let p(h) = -30*h + 107. Give p(4).
-13
Let k(g) = -g**3 + 19*g**2 + 19*g - 19. Determine k(20).
-39
Let y(v) = 2*v**2 - 3*v - 2. Give y(3).
7
Let x(f) = -f**3 + 2*f**2 - f - 3. What is x(2)?
-5
Let c(j) = -7*j - 25. Calculate c(-4).
3
Let f(d) = d**2 - 12*d - 41. Give f(-4).
23
Let y(d) = -2*d + 58. What is y(13)?
32
Let j(t) = -t**3 + 5*t**2 - 4*t + 2. Determine j(5).
-18
Let g(s) = -s + 1. What is g(5)?
-4
Let w(g) = 2*g**2 - 18. Determine w(3).
0
Let p(n) = -n**2 + 17*n - 17. Calculate p(16).
-1
Let r(a) = -3*a**3 - 16*a**2 - 4*a - 1. Calculate r(-5).
-6
Let p(v) = -v**2 + 6*v + 6. What is p(7)?
-1
Let u(g) = -g**2 - 4*g + 92. Calculate u(-12).
-4
Let b(k) = 12*k**3 - 2*k + 1. Give b(1).
11
Let k(j) = -2*j**3 - 3*j**2 + 9*j - 3. Calculate k(2).
-13
Let m(k) = -3*k**2 + k - 1. Determine m(1).
-3
Let a(q) = -35*q - 2. Give a(1).
-37
Let q(h) = -h**2 + 12*h - 15. Give q(10).
5
Let u(d) = -2*d**2 - 7*d - 4. Determine u(-4).
-8
Let a(q) = -3*q**3 + 37*q**2 + 18*q + 103. Determine a(13).
-1
Let a(v) = -v**2 + 11*v + 42. Give a(13).
16
Let y(z) = -z**2 + 38. Give y(5).
13
Let v(j) = -2*j**3 + 33*j**2 - 16*j - 17. Calculate v(16).
-17
Let j(f) = f**3 - 8*f**2 + 2*f + 3. What is j(8)?
19
Let p(k) = -9*k - 87. Give p(-10).
3
Let c(z) = 5*z**2 - 18*z + 16. Calculate c(4).
24
Let l(u) = 75*u**3 - u. Give l(1).
74
Let p(z) = -3*z - 11. Give p(-6).
7
Let c(g) = -29*g**2 - 2. What is c(-2)?
-118
Let k(c) = -18*c + 13. Calculate k(-4).
85
Let p(m) = -m - 16. Calculate p(-6).
-10
Let y(v) = 6*v + 35. Determine y(-6).
-1
Let x(i) = 3*i - 3. Calculate x(-8).
-27
Let j(a) = a**2 - 5*a + 12. Give j(0).
12
Let z(q) = q**3 + 24*q**2 + 23*q - 13. Give z(-23).
-13
Let o(i) = i**3 + 11*i**2 + 10*i - 63. Give o(-9).
9
Let h(w) = 2*w**2 - 20*w - 4. Determi